{"id":1283,"date":"2020-07-31T20:46:29","date_gmt":"2020-08-01T01:46:29","guid":{"rendered":"https:\/\/investigaciones.ibero.edu.co\/?page_id=1283"},"modified":"2025-09-09T15:16:33","modified_gmt":"2025-09-09T20:16:33","slug":"dsge","status":"publish","type":"page","link":"https:\/\/investigaciones.ibero.edu.co\/?page_id=1283","title":{"rendered":"DSGE"},"content":{"rendered":"<h3 class=\"has-text-align-center\" style=\"color: #872f40;\">Facultad de Ciencias Empresariales<\/h3>\n<h4 style=\"color: #f2a900;\" align=\"center\">DSGE &#8211; Grupo de Investigaci\u00f3n en Desarrollo Social y Gesti\u00f3n Empresarial<\/h4>\n<p><strong>C\u00d3DIGO MINCIENCIAS<\/strong>: COL0019329<\/p>\n<p><strong>L\u00cdDER DE GRUPO:<\/strong> Francisco Javier Caballero Ot\u00e1lora<\/p>\n<p><strong>CORREO ELECTR\u00d3NICO DEL GRUPO:<\/strong> <a href=\"mailto:grupo.desarrollosocial@academico.ibero.edu.co\">grupo.desarrollosocial@academico.ibero.edu.co<\/a><\/p>\n<p><strong>CORREO ELECTR\u00d3NICO DEL L\u00cdDER:<\/strong> <a href=\"mailto:francisco.caballero@docente.ibero.edu.co\">francisco.caballero@docente.ibero.edu.co<\/a><\/p>\n<p><strong>LINK GRUPLAC \u2013 MINCIENCIAS (HOJA DE VIDA DE GRUPO):<\/strong> <a href=\"https:\/\/scienti.minciencias.gov.co\/gruplac\/jsp\/visualiza\/visualizagr.jsp?nro=00000000008799\"> https:\/\/scienti.minciencias.gov.co\/gruplac\/jsp\/visualiza\/visualizagr.jsp?nro=00000000008799<\/a><\/p>\n<p><strong>L\u00ednea de Investigaci\u00f3n 1:<\/strong> Desarrollo Econ\u00f3mico y Social<br \/>\n<strong>L\u00ednea de Investigaci\u00f3n 2:<\/strong> Gesti\u00f3n Empresarial<br \/>\n<strong>L\u00ednea de Investigaci\u00f3n 3:<\/strong> Innovaci\u00f3n y Emprendimiento<\/p>\n<p><strong>Palabras clave:<\/strong><br \/>\nDesarrollo Econ\u00f3mico, Desarrollo Social, Gesti\u00f3n Empresarial, Emprendimiento, Innovaci\u00f3n<br \/>\n<strong>Breve descripci\u00f3n del grupo:<\/strong><br \/>\nLa l\u00ednea de Desarrollo Econ\u00f3mico y Social surge como resultado de una reflexi\u00f3n sobre las problem\u00e1ticas que enfrenta Colombia a nivel dom\u00e9stico, y los retos que se plantean dentro de un escenario global; aportando para la construcci\u00f3n de soluciones y alternativas, desde la academia, que fomenten el desarrollo de la comunidad, a partir de investigaciones con car\u00e1cter internacional y nacional, que materialicen la visi\u00f3n hol\u00edstica de la Econom\u00eda, la Administraci\u00f3n, los Negocios Internacionales y de la Contadur\u00eda P\u00fablica.<\/p>\n<p>La segunda l\u00ednea de Gesti\u00f3n Empresarial se articula con el desarrollo de procesos de producci\u00f3n, negociaci\u00f3n, mercadeo, gesti\u00f3n humana, econ\u00f3mica, financiera y contable, as\u00ed como con la generaci\u00f3n de oportunidades de crecimiento para las organizaciones, empresas y mercados, propuestas por los programas de Administraci\u00f3n Financiera, y Marketing y Negocios Internacionales.<\/p>\n<p>La tercera l\u00ednea Innovaci\u00f3n y Emprendimiento, se enlaza con el desarrollo de estrategias financieras, innovadoras, eficaces y adecuadas que busquen generar valor agregado y competitividad en una empresa, en un sector social o en una comunidad en general, teniendo como punto de referencia al programa de Administraci\u00f3n Financiera el cual en su contenido metodol\u00f3gico propone un perfil con estas caracter\u00edsticas. Lo anterior tambi\u00e9n corresponde a la creaci\u00f3n de productos que mitigan las necesidades establecidas por el consumidor, generando de igual forma nuevas versiones estrat\u00e9gicas que integran las comunicaciones, las ventas, y el merchandising, propiciando as\u00ed efectos en el Marketing dentro de la ejecuci\u00f3n y planeaci\u00f3n de planes de negocios que transformen las din\u00e1micas del mercado.<\/p>\n<p><strong>Objetivos:<\/strong><br \/>\nDeterminar la articulaci\u00f3n entre el desarrollo social y los proyectos de investigaci\u00f3n generados en los diferentes programas de la Facultad de Ciencias Empresariales de la Corporaci\u00f3n Universitaria Iberoamericana. Generar estrategias de mejora e impacto para la gesti\u00f3n empresarial, a partir de los proyectos realizados por el grupo de investigaci\u00f3n de la Facultad de Ciencias Empresariales de la Corporaci\u00f3n Universitaria Iberoamericana, haciendo uso de convenios empresariales e interinstitucionales. Desarrollar ideas de innovaci\u00f3n y emprendimiento a trav\u00e9s de la planeaci\u00f3n, asesor\u00eda y acompa\u00f1amiento en planes de negocio generados por los estudiantes en los diferentes espacios acad\u00e9micos.<\/p>\n","protected":false},"excerpt":{"rendered":"<p>Facultad de Ciencias Empresariales DSGE &#8211; Grupo de Investigaci\u00f3n en Desarrollo Social y Gesti\u00f3n Empresarial C\u00d3DIGO MINCIENCIAS: COL0019329 L\u00cdDER DE GRUPO: Francisco Javier Caballero Ot\u00e1lora&hellip;<\/p>\n","protected":false},"author":2,"featured_media":0,"parent":292,"menu_order":0,"comment_status":"closed","ping_status":"closed","template":"","meta":{"spay_email":""},"_links":{"self":[{"href":"https:\/\/investigaciones.ibero.edu.co\/index.php?rest_route=\/wp\/v2\/pages\/1283"}],"collection":[{"href":"https:\/\/investigaciones.ibero.edu.co\/index.php?rest_route=\/wp\/v2\/pages"}],"about":[{"href":"https:\/\/investigaciones.ibero.edu.co\/index.php?rest_route=\/wp\/v2\/types\/page"}],"author":[{"embeddable":true,"href":"https:\/\/investigaciones.ibero.edu.co\/index.php?rest_route=\/wp\/v2\/users\/2"}],"replies":[{"embeddable":true,"href":"https:\/\/investigaciones.ibero.edu.co\/index.php?rest_route=%2Fwp%2Fv2%2Fcomments&post=1283"}],"version-history":[{"count":16,"href":"https:\/\/investigaciones.ibero.edu.co\/index.php?rest_route=\/wp\/v2\/pages\/1283\/revisions"}],"predecessor-version":[{"id":6363,"href":"https:\/\/investigaciones.ibero.edu.co\/index.php?rest_route=\/wp\/v2\/pages\/1283\/revisions\/6363"}],"up":[{"embeddable":true,"href":"https:\/\/investigaciones.ibero.edu.co\/index.php?rest_route=\/wp\/v2\/pages\/292"}],"wp:attachment":[{"href":"https:\/\/investigaciones.ibero.edu.co\/index.php?rest_route=%2Fwp%2Fv2%2Fmedia&parent=1283"}],"curies":[{"name":"wp","href":"https:\/\/api.w.org\/{rel}","templated":true}]}}