{"id":1285,"date":"2020-07-31T22:05:46","date_gmt":"2020-08-01T03:05:46","guid":{"rendered":"https:\/\/investigaciones.ibero.edu.co\/?page_id=1285"},"modified":"2025-09-09T15:17:36","modified_gmt":"2025-09-09T20:17:36","slug":"gieep","status":"publish","type":"page","link":"https:\/\/investigaciones.ibero.edu.co\/?page_id=1285","title":{"rendered":"GIEEP"},"content":{"rendered":"\n<h3 class=\"has-text-align-center\" style=\"color: #872f40;\">Facultad de Educaci\u00f3n<\/h3><h4 style=\"color: #f2a900;\" align=\"center\">GIEEP &#8211; Educaci\u00f3n y Escenarios de Construcci\u00f3n Pedag\u00f3gica<\/h4><p><strong>C\u00d3DIGO MINCIENCIAS:<\/strong> COL0040799<\/p><strong>L\u00cdDER DE GRUPO:<\/strong> Gladys Molano Caro<br><br><strong>CORREO ELECTR\u00d3NICO DEL L\u00cdDER:<\/strong> <a href=\"mailto:gladys.molano@docente.ibero.edu.co\">gladys.molano@docente.ibero.edu.co<\/a><br><br><strong>CORREO ELECTR\u00d3NICO DEL GRUPO:<\/strong><a href=\"mailto:grupo.gieep@academico.ibero.edu.co\"> grupo.gieep@academico.ibero.edu.co<\/a><br><br><strong>LINK GRUPLAC \u2013 MINCIENCIAS (HOJA DE VIDA DE GRUPO):<\/strong><a href=\"https:\/\/scienti.minciencias.gov.co\/gruplac\/jsp\/visualiza\/visualizagr.jsp?nro=00000000002364\"> https:\/\/scienti.minciencias.gov.co\/gruplac\/jsp\/visualiza\/visualizagr.jsp?nro=00000000002364<\/a><br><br><strong>L\u00ednea de Investigaci\u00f3n 1:<\/strong> Pedagog\u00eda y Diversidad<br><strong>L\u00ednea de Investigaci\u00f3n 2:<\/strong> Educaci\u00f3n e Infancia<br><strong>L\u00ednea de Investigaci\u00f3n 3:<\/strong> Curr\u00edculo, Did\u00e1ctica e innovaci\u00f3n en educaci\u00f3n<br><br><strong>Palabras clave:<\/strong><br>Pedagog\u00eda, Educaci\u00f3n, Diversidad, Did\u00e1ctica, Innovaci\u00f3n Educativa<br><br><strong>Breve descripci\u00f3n del grupo:<\/strong> El grupo Gieep, tiene como referente epistemol\u00f3gico la pedagog\u00eda desde la mirada constructivista en sus diferentes vertientes. Asume la reflexi\u00f3n situada en la pr\u00e1ctica como generadora de nuevo conocimiento, mediada por la investigaci\u00f3n.  Perspectiva que apunta al establecimiento de encuentros y des-encuentros pedag\u00f3gicos, con la construcci\u00f3n de conocimiento de identidad propia y comprometida con una real transformaci\u00f3n social, cultural y digital.<br>\nObjetivos: El grupo de investigaci\u00f3n GIEEP tiene como prop\u00f3sito promover la investigaci\u00f3n en el campo de la pedagog\u00eda en la relaci\u00f3n educaci\u00f3n-contexto, por tal raz\u00f3n resultan ser escenarios propicios para el avance del la ciencia y el conocimiento, todos aquellos en los que el rol de las y los maestros cobre sentido y se haga visible su papel fundamental en la transformaci\u00f3n de las sociedad. El grupo GIEEP, tiene como fin promover las transformaciones en el contexto nacional y local, de las condiciones y situaciones de educaci\u00f3n que se relacionen con la formaci\u00f3n de educadores en Pedagog\u00eda Infantil y Educaci\u00f3n Especial, para impactar los contextos de tal manera que redunde en las personas y las colectividades para el mejoramiento de la calidad de vida y de la sociedad. Otro de los fines es la conservaci\u00f3n de los derechos de las personas a la educaci\u00f3n, desde la transformaci\u00f3n de la calidad educativa y la acci\u00f3n a mediano y corto plazo del radio de acci\u00f3n en los imaginarios, conocimientos, acciones y transformaciones de la vida de las personas y las colectividades.<br>\n","protected":false},"excerpt":{"rendered":"<p>Facultad de Educaci\u00f3n GIEEP &#8211; Educaci\u00f3n y Escenarios de Construcci\u00f3n Pedag\u00f3gica C\u00d3DIGO MINCIENCIAS: COL0040799 L\u00cdDER DE GRUPO: Gladys Molano Caro CORREO ELECTR\u00d3NICO DEL L\u00cdDER: gladys.molano@docente.ibero.edu.co&hellip;<\/p>\n","protected":false},"author":2,"featured_media":0,"parent":292,"menu_order":0,"comment_status":"closed","ping_status":"closed","template":"","meta":{"spay_email":""},"_links":{"self":[{"href":"https:\/\/investigaciones.ibero.edu.co\/index.php?rest_route=\/wp\/v2\/pages\/1285"}],"collection":[{"href":"https:\/\/investigaciones.ibero.edu.co\/index.php?rest_route=\/wp\/v2\/pages"}],"about":[{"href":"https:\/\/investigaciones.ibero.edu.co\/index.php?rest_route=\/wp\/v2\/types\/page"}],"author":[{"embeddable":true,"href":"https:\/\/investigaciones.ibero.edu.co\/index.php?rest_route=\/wp\/v2\/users\/2"}],"replies":[{"embeddable":true,"href":"https:\/\/investigaciones.ibero.edu.co\/index.php?rest_route=%2Fwp%2Fv2%2Fcomments&post=1285"}],"version-history":[{"count":19,"href":"https:\/\/investigaciones.ibero.edu.co\/index.php?rest_route=\/wp\/v2\/pages\/1285\/revisions"}],"predecessor-version":[{"id":6364,"href":"https:\/\/investigaciones.ibero.edu.co\/index.php?rest_route=\/wp\/v2\/pages\/1285\/revisions\/6364"}],"up":[{"embeddable":true,"href":"https:\/\/investigaciones.ibero.edu.co\/index.php?rest_route=\/wp\/v2\/pages\/292"}],"wp:attachment":[{"href":"https:\/\/investigaciones.ibero.edu.co\/index.php?rest_route=%2Fwp%2Fv2%2Fmedia&parent=1285"}],"curies":[{"name":"wp","href":"https:\/\/api.w.org\/{rel}","templated":true}]}}