{"id":3251,"date":"2023-05-12T10:58:48","date_gmt":"2023-05-12T15:58:48","guid":{"rendered":"https:\/\/investigaciones.ibero.edu.co\/?page_id=3251"},"modified":"2024-05-28T11:23:36","modified_gmt":"2024-05-28T16:23:36","slug":"redvoz","status":"publish","type":"page","link":"https:\/\/investigaciones.ibero.edu.co\/?page_id=3251","title":{"rendered":"RED DE ESTUDIANTES Y DOCENTES SEMILLERISTAS EN EL ESTUDIO DE LA VOZ &#8211; REDVOZ"},"content":{"rendered":"\n<div class=\"wp-block-image\"><figure class=\"aligncenter size-large is-resized\"><img loading=\"lazy\" src=\"https:\/\/investigaciones.ibero.edu.co\/wp-content\/uploads\/2023\/05\/logo1-1024x320.png\" alt=\"Logo de RedVoz\" class=\"wp-image-3272\" width=\"600\" height=\"189\" srcset=\"https:\/\/investigaciones.ibero.edu.co\/wp-content\/uploads\/2023\/05\/logo1-1024x320.png 1024w, https:\/\/investigaciones.ibero.edu.co\/wp-content\/uploads\/2023\/05\/logo1-300x94.png 300w, https:\/\/investigaciones.ibero.edu.co\/wp-content\/uploads\/2023\/05\/logo1-768x240.png 768w, https:\/\/investigaciones.ibero.edu.co\/wp-content\/uploads\/2023\/05\/logo1-1536x480.png 1536w\" sizes=\"(max-width: 600px) 100vw, 600px\" \/><\/figure><\/div>\n\n\n\n<h4 class=\"has-text-align-center\"><strong>MIEMBRO FUNDADOR:<\/strong><\/h4>\n\n\n\n<p class=\"has-text-align-center\"><strong>Carlos Alberto Calvache Mora<\/strong><\/p>\n\n\n\n<p class=\"has-text-align-center\">Profesor de Carrera, Programa Fonoaudiolog\u00eda, Corporaci\u00f3n Universitaria Iberoamericana<\/p>\n\n\n\n<p class=\"has-text-align-center\">Correo de Contacto: <a href=\"mailto:carlos.calvache@docente.ibero.edu.co\" target=\"_blank\" rel=\"noreferrer noopener\">carlos.calvache@docente.ibero.edu.co<\/a><\/p>\n\n\n\n<h3><strong>MISI\u00d3N<\/strong><\/h3>\n\n\n\n<p class=\"has-text-align-justify\">La misi\u00f3n de REDVOZ es promover y fortalecer el desarrollo de habilidades investigativas en el campo de la fonoaudiolog\u00eda, enfocado en la voz humana y sus alteraciones, a trav\u00e9s de la colaboraci\u00f3n entre instituciones universitarias y profesionales del \u00e1rea. Buscamos contribuir al avance de la ciencia, la formaci\u00f3n de nuevos profesionales y la mejora de la calidad de vida de las personas con deficiencias de la voz, mediante el desarrollo de proyectos de investigaci\u00f3n innovadores y la difusi\u00f3n de los resultados obtenidos en eventos cient\u00edficos y publicaciones especializadas. Nos comprometemos a proporcionar a nuestros miembros, la oportunidad de desarrollar habilidades investigativas, tales como la formulaci\u00f3n de preguntas de investigaci\u00f3n, la recolecci\u00f3n y an\u00e1lisis de datos, la redacci\u00f3n de informes y la presentaci\u00f3n de resultados. Adem\u00e1s, nos comprometemos con la formaci\u00f3n de una comunidad de aprendizaje colaborativo que fomente la discusi\u00f3n cr\u00edtica y el intercambio de ideas en fonoaudiolog\u00eda, espec\u00edficamente en el campo de la voz humana.<\/p>\n\n\n\n<h3><strong>VISI\u00d3N<\/strong><\/h3>\n\n\n\n<p class=\"has-text-align-justify\">La visi\u00f3n de REDVOZ es convertirse en una red l\u00edder en el desarrollo de habilidades investigativas en la profesi\u00f3n de fonoaudiolog\u00eda, espec\u00edficamente en el campo de la voz humana, a nivel regional, nacional e internacional. Buscamos ser reconocidos por la excelencia acad\u00e9mica de nuestros miembros y por nuestra capacidad de generar impacto positivo en la sociedad desde una perspectiva interdisciplinar. Nos proyectamos como una red de investigaci\u00f3n altamente colaborativa y con una cultura de aprendizaje continuo, que promueve la innovaci\u00f3n y la creatividad en el abordaje de problem\u00e1ticas relevantes en el campo de la fonoaudiolog\u00eda. Nos vemos como una red que fomenta el desarrollo de habilidades investigativas de alto nivel en nuestros miembros, y que proporciona oportunidades para la formaci\u00f3n de una comunidad de aprendizaje colaborativo y la generaci\u00f3n de redes de contacto con otros investigadores y profesionales del \u00e1rea.<\/p>\n\n\n\n<h3><strong>OBJETIVOS ESPEC\u00cdFICOS DE REDVOZ<\/strong><\/h3>\n\n\n\n<ol type=\"A\"><li>Fomentar el intercambio de conocimientos y experiencias entre estudiantes y docentes de Fonoaudiolog\u00eda interesados en el campo de la voz humana.<\/li><li>Promover la investigaci\u00f3n cient\u00edfica en el campo de la voz humana.<\/li><li>Establecer v\u00ednculos de cooperaci\u00f3n y colaboraci\u00f3n entre sus miembros y con otras instituciones y organizaciones afines.<\/li><li>Difundir los resultados de las investigaciones realizadas y promover su aplicaci\u00f3n en la pr\u00e1ctica cl\u00ednica y pedag\u00f3gica.<\/li><li>Contribuir al desarrollo y la formaci\u00f3n de profesionales de la Fonoaudiolog\u00eda especializados en el campo de la voz humana.<\/li><\/ol>\n","protected":false},"excerpt":{"rendered":"<p>MIEMBRO FUNDADOR: Carlos Alberto Calvache Mora Profesor de Carrera, Programa Fonoaudiolog\u00eda, Corporaci\u00f3n Universitaria Iberoamericana Correo de Contacto: carlos.calvache@docente.ibero.edu.co MISI\u00d3N La misi\u00f3n de REDVOZ es promover&hellip;<\/p>\n","protected":false},"author":2,"featured_media":1149,"parent":0,"menu_order":0,"comment_status":"closed","ping_status":"closed","template":"","meta":{"spay_email":""},"_links":{"self":[{"href":"https:\/\/investigaciones.ibero.edu.co\/index.php?rest_route=\/wp\/v2\/pages\/3251"}],"collection":[{"href":"https:\/\/investigaciones.ibero.edu.co\/index.php?rest_route=\/wp\/v2\/pages"}],"about":[{"href":"https:\/\/investigaciones.ibero.edu.co\/index.php?rest_route=\/wp\/v2\/types\/page"}],"author":[{"embeddable":true,"href":"https:\/\/investigaciones.ibero.edu.co\/index.php?rest_route=\/wp\/v2\/users\/2"}],"replies":[{"embeddable":true,"href":"https:\/\/investigaciones.ibero.edu.co\/index.php?rest_route=%2Fwp%2Fv2%2Fcomments&post=3251"}],"version-history":[{"count":7,"href":"https:\/\/investigaciones.ibero.edu.co\/index.php?rest_route=\/wp\/v2\/pages\/3251\/revisions"}],"predecessor-version":[{"id":3822,"href":"https:\/\/investigaciones.ibero.edu.co\/index.php?rest_route=\/wp\/v2\/pages\/3251\/revisions\/3822"}],"wp:featuredmedia":[{"embeddable":true,"href":"https:\/\/investigaciones.ibero.edu.co\/index.php?rest_route=\/wp\/v2\/media\/1149"}],"wp:attachment":[{"href":"https:\/\/investigaciones.ibero.edu.co\/index.php?rest_route=%2Fwp%2Fv2%2Fmedia&parent=3251"}],"curies":[{"name":"wp","href":"https:\/\/api.w.org\/{rel}","templated":true}]}}