{"id":6236,"date":"2025-08-29T16:37:49","date_gmt":"2025-08-29T21:37:49","guid":{"rendered":"https:\/\/investigaciones.ibero.edu.co\/?page_id=6236"},"modified":"2025-09-01T13:27:37","modified_gmt":"2025-09-01T18:27:37","slug":"documentos-convocatoria-de-estimulos-e-incentivos-docentes-2025","status":"publish","type":"page","link":"https:\/\/investigaciones.ibero.edu.co\/?page_id=6236","title":{"rendered":"Documentos Convocatoria de Est\u00edmulos e Incentivos Docentes 2025"},"content":{"rendered":"\n<div class=\"wp-block-group\"><div class=\"wp-block-group__inner-container\">\n<div class=\"wp-block-group\"><div class=\"wp-block-group__inner-container\">\n<h4 class=\"has-black-color has-text-color\"><strong><em>OBJETIVO:<\/em><\/strong> <span style=\"color:#4a4a48\" class=\"has-inline-color\">Identificar los productos acad\u00e9micos, investigativos, de extensi\u00f3n o proyecci\u00f3n social y de creaci\u00f3n art\u00edstica o cultural de autor\u00eda de docentes con vinculaci\u00f3n vigente con la IBERO, que cumplen los requisitos definidos en la Res. No. 471 de 2017 de Consejo Superior, con el fin de recomendar el reconocimiento de los incentivos econ\u00f3micos correspondientes para los productos obtenidos o publicados de <strong><u>agosto 01 de 2024 a julio 31 de 2025<\/u>.<\/strong><\/span><\/h4>\n\n\n\n<h4 class=\"has-text-color\" style=\"color:#c5a649;font-size:22px\"><em><strong><span style=\"color:#c5a649\" class=\"has-inline-color\">Fecha l\u00edmite de postulaci\u00f3n 16 de septiembre 2025.<\/span><\/strong><\/em><\/h4>\n\n\n\n<h4 class=\"has-text-color\" style=\"color:#c5a649\"><em><strong>NOTA<\/strong>:<\/em> Tenga en cuenta que para postularse debe tener actualizado su <strong>CvLAC<\/strong> y el perfil de productividad en <strong>SIGIIP<\/strong><\/h4>\n\n\n\n<p><strong>T\u00e9rminos de la Convocatoria Incentivos 2025<\/strong> &#8211; <a href=\"https:\/\/investigaciones.ibero.edu.co\/wp-content\/uploads\/2025\/08\/TdR-Convocatoria-Estimulos-e-Incentivos-Docentes-_2025.pdf\">Hacer clic aqu\u00ed para PDF<\/a><\/p>\n\n\n\n<p><strong>Anexo 1. Carta de Sometimiento<\/strong> &#8211; <a href=\"https:\/\/publicaciones.ibero.edu.co\/index.php\/ceid22\/libraryFiles\/downloadPublic\/1315\">Hacer clic aqu\u00ed para descargar<\/a><\/p>\n\n\n\n<p><strong>Anexo 2. Cr\u00e9ditos de Obra<\/strong> &#8211; <a href=\"https:\/\/publicaciones.ibero.edu.co\/index.php\/ceid22\/libraryFiles\/downloadPublic\/1316\">Hace clic aqu\u00ed para descargar<\/a><\/p>\n\n\n\n<p><strong>Anexo 3. Descripci\u00f3n de Intervenci\u00f3n Pedag\u00f3gica<\/strong>&#8211; <a href=\"https:\/\/publicaciones.ibero.edu.co\/index.php\/ceid22\/libraryFiles\/downloadPublic\/1317\">Hace clic aqu\u00ed para descargar<\/a><\/p>\n\n\n\n<p><strong>Gu\u00eda cargue datos en SIGIIP <\/strong>&#8211; <a href=\"https:\/\/investigaciones.ibero.edu.co\/wp-content\/uploads\/2025\/09\/infografia4.pdf\">Hacer clic aqu\u00ed para PDF<\/a><\/p>\n\n\n\n<p><strong>Postulaci\u00f3n a la Convocatoria &#8211;<\/strong> <a href=\"https:\/\/investigaciones.ibero.edu.co\/wp-content\/uploads\/2025\/09\/infografia5.pdf\">Hacer clic aqu\u00ed para PDF <\/a><\/p>\n\n\n\n<p><strong>Resoluci\u00f3n 471 de 2017 (versi\u00f3n firmada)<\/strong> &#8211; <a href=\"https:\/\/investigaciones.ibero.edu.co\/wp-content\/uploads\/2020\/07\/Resoluci%C3%B3n-471-Incentivos-Docentes.pdf\">Hacer clic aqu\u00ed para PDF<\/a><\/p>\n<\/div><\/div>\n<\/div><\/div>\n\n\n\n<p><\/p>\n","protected":false},"excerpt":{"rendered":"","protected":false},"author":2,"featured_media":0,"parent":4364,"menu_order":1,"comment_status":"closed","ping_status":"closed","template":"","meta":{"spay_email":""},"_links":{"self":[{"href":"https:\/\/investigaciones.ibero.edu.co\/index.php?rest_route=\/wp\/v2\/pages\/6236"}],"collection":[{"href":"https:\/\/investigaciones.ibero.edu.co\/index.php?rest_route=\/wp\/v2\/pages"}],"about":[{"href":"https:\/\/investigaciones.ibero.edu.co\/index.php?rest_route=\/wp\/v2\/types\/page"}],"author":[{"embeddable":true,"href":"https:\/\/investigaciones.ibero.edu.co\/index.php?rest_route=\/wp\/v2\/users\/2"}],"replies":[{"embeddable":true,"href":"https:\/\/investigaciones.ibero.edu.co\/index.php?rest_route=%2Fwp%2Fv2%2Fcomments&post=6236"}],"version-history":[{"count":11,"href":"https:\/\/investigaciones.ibero.edu.co\/index.php?rest_route=\/wp\/v2\/pages\/6236\/revisions"}],"predecessor-version":[{"id":6262,"href":"https:\/\/investigaciones.ibero.edu.co\/index.php?rest_route=\/wp\/v2\/pages\/6236\/revisions\/6262"}],"up":[{"embeddable":true,"href":"https:\/\/investigaciones.ibero.edu.co\/index.php?rest_route=\/wp\/v2\/pages\/4364"}],"wp:attachment":[{"href":"https:\/\/investigaciones.ibero.edu.co\/index.php?rest_route=%2Fwp%2Fv2%2Fmedia&parent=6236"}],"curies":[{"name":"wp","href":"https:\/\/api.w.org\/{rel}","templated":true}]}}